{"id":6401,"date":"2025-10-17T15:51:29","date_gmt":"2025-10-17T18:51:29","guid":{"rendered":"https:\/\/institutomesa.org\/revistamesa\/edicoes\/7\/?page_id=6401"},"modified":"2025-10-17T18:12:24","modified_gmt":"2025-10-17T21:12:24","slug":"normas-de-publicacao","status":"publish","type":"page","link":"https:\/\/institutomesa.org\/revistamesa\/edicoes\/7\/normas-de-publicacao\/","title":{"rendered":"Normas de publica\u00e7\u00e3o"},"content":{"rendered":"\n<h2>Normas de publica\u00e7\u00e3o<\/h2>\n\n\n\n<p><\/p>\n\n\n\n<p><em>Revista MESA<\/em>&nbsp;recebe trabalhos originais (textos diversos, v\u00eddeos, fotografia etc.) produzidos por artistas, curadores, educadores, ativistas, cr\u00edticos e pesquisadores com interesses nas interfaces contempor\u00e2neas entre arte e sociedade.<\/p>\n\n\n\n<p><strong>Diretrizes para autores<\/strong><\/p>\n\n\n\n<p>A&nbsp;<em>Revista MESA<\/em>&nbsp;\u00e9 uma publica\u00e7\u00e3o semestral. Aceitamos textos propondo uma reflex\u00e3o original em um dos seguintes formatos:<\/p>\n\n\n\n<p><em>Estudos de caso<\/em><br>Os estudos de casos nacionais e internacionais devem explorar um contexto, projeto, situa\u00e7\u00e3o ou pr\u00e1tica espec\u00edfica, propondo uma nova reflex\u00e3o cr\u00edtica e criativa sobre as intera\u00e7\u00f5es entre arte e sociedade e\/ou os campos de arte, curadoria ou educa\u00e7\u00e3o. Os estudos dever\u00e3o ser composto de textos (sejam ensaios, artigos, resenhas, poesias, ou cr\u00f4nicas) de 1500 a 6000 palavras (incluindo refer\u00eancias e notas de rodap\u00e9), acompanhados por uma sele\u00e7\u00e3o de imagens ou v\u00eddeos e\/ou fotografias originais e\/ou experi\u00eancias\/trilhas sonoras. Os estudos podem ser apresentados individual ou coletivamente.<\/p>\n\n\n\n<p><em>Artigos tem\u00e1ticos<br><\/em>Os artigos dever\u00e3o ser in\u00e9ditos e desenvolvidos a partir de uma reflex\u00e3o cr\u00edtica (\u00e9tica, est\u00e9tica e\/ou s\u00f3cio-cultural) sobre as interfaces contempor\u00e2neas entre arte e sociedade. Os textos podem ter entre 5000 e 8500 palavras (incluindo refer\u00eancias, notas de rodap\u00e9, anexos ou ap\u00eandices). Tamb\u00e9m os artigos devem ser acompanhados por uma sele\u00e7\u00e3o de imagens e\/ou v\u00eddeos. Aceitamos artigos em ingl\u00eas ou portugu\u00eas, caso sejam em outras l\u00ednguas, precisar\u00e3o ser acompanhados por uma tradu\u00e7\u00e3o em ingl\u00eas ou portugu\u00eas.<\/p>\n\n\n\n<p><em>Ensaios fotogr\u00e1ficos<\/em><br>Os ensaios fotogr\u00e1ficos devem ser compostos por uma sele\u00e7\u00e3o de 15 a 25 imagens com um texto de apresenta\u00e7\u00e3o e reflex\u00f5es criticas. A s\u00e9rie de fotos originais deve explorar uma perspectiva inusitada e\/ou reflex\u00e3o art\u00edstica sobre as interfaces contempor\u00e2neas entre arte, cultura e sociedade.<\/p>\n\n\n\n<p><em>Videoentrevistas<\/em><br>As videoentrevistas dever\u00e3o ter entre 15 e 20 minutos editados (podendo ser dividido em partes) e mergulhar no mundo criativo e cr\u00edtico de um artista, pesquisador, ativista, curador, fil\u00f3sofo ou educador, que ofere\u00e7a uma contribui\u00e7\u00e3o original e inovadora para refletir sobre as pr\u00e1ticas e dilemas est\u00e9ticos e \u00e9ticos da cultura contempor\u00e2nea. Esperamos que cada videoentrevista componha n\u00e3o somente uma s\u00e9rie de falas, mas tamb\u00e9m imagens, m\u00fasicas e\/ou outros elementos que ajudem a contextualizar as reflex\u00f5es de cada entrevistando.<\/p>\n\n\n\n<p><strong>Condi\u00e7\u00f5es para submiss\u00e3o\u2028<\/strong><\/p>\n\n\n\n<p>Antes de iniciar o processo de envio do material, os autores devem verificar as condi\u00e7\u00f5es de submiss\u00e3o em rela\u00e7\u00e3o aos itens abaixo listados.<\/p>\n\n\n\n<p><strong>Arquivos de texto<\/strong>&nbsp;\u2013 O arquivo deve estar em formato Microsoft Word ou RTF (n\u00e3o devendo ultrapassar 2MB);\u2028a identifica\u00e7\u00e3o de autoria do trabalho deve ser removida do arquivo e da op\u00e7\u00e3o Propriedades no Microsoft Word;\u2028os quadros, tabelas, gr\u00e1ficos, e ilustra\u00e7\u00f5es devem apresentar as respectivas legendas, citando a fonte completa. O(s) autor(es) se responsabiliza(m) pelo conte\u00fado do artigo submetido \u00e0 revista e autoriza(m) sua publica\u00e7\u00e3o.<\/p>\n\n\n\n<p><strong>Apresenta\u00e7\u00e3o\u2028&nbsp;<\/strong>\u2013 Papel tamanho A4 (21 cm X 29,7 cm), com margens superior e esquerda de 3 cm e direita e inferior de 2 cm. A fonte dever\u00e1 ser Arial, tamanho 12, espa\u00e7amento 1,5, par\u00e1grafo justificado com recuo de 1,5 cm e entrelinha 1,5. O arquivo n\u00e3o deve ter marcas de formata\u00e7\u00e3o (estilo, tabula\u00e7\u00f5es) nem numera\u00e7\u00e3o de p\u00e1ginas.<\/p>\n\n\n\n<p><strong>Refer\u00eancias&nbsp;<\/strong>\u2013 Utilizar aspas duplas para cita\u00e7\u00f5es com at\u00e9 tr\u00eas linhas; cita\u00e7\u00f5es\u2028com mais de tr\u00eas linhas devem ser destacadas com recuo igual ao da entrada de par\u00e1grafo, com fonte Arial 12 e sem aspas;\u2028utilizar aspas simples para palavras com emprego n\u00e3o convencional e para indicar cita\u00e7\u00e3o no interior de cita\u00e7\u00e3o de at\u00e9 tr\u00eas linhas;\u2028uso do it\u00e1lico para palavras estrangeiras, neologismos e t\u00edtulos de obras e publica\u00e7\u00f5es; as refer\u00eancias e\/ou notas explicativas no corpo do texto, devem aparecer com notas de rodap\u00e9 de p\u00e1gina e numeradas, listando a refer\u00eancia bibliogr\u00e1fica completa juntamente com a(s) p\u00e1gina(s) referenciada(s); as notas devem ser em fonte Arial 10 e obedecer\u00e3o aos seguintes crit\u00e9rios:<\/p>\n\n\n\n<p>\u2013 Livro:<br>SOBRENOME DO AUTOR DA OBRA, Prenomes. T\u00edtulo da obra: subt\u00edtulo. N\u00famero da edi\u00e7\u00e3o. Local de Publica\u00e7\u00e3o: Editora, ano de publica\u00e7\u00e3o.\u2028<br>Exemplo:\u2028 FREIRE, Madalena.&nbsp;<em>Educador, Educador, Educador.<\/em>&nbsp;S\u00e3o Paulo: Paz e Terra, 2008. p.55-60.<\/p>\n\n\n\n<p>\u2013 Cap\u00edtulo de livro:<br>SOBRENOME DO AUTOR DO CAP\u00cdTULO, Prenomes. \u201cT\u00edtulo do cap\u00edtulo: subt\u00edtulo\u201d. In: SOBRENOME DO AUTOR DA OBRA, Prenomes. T\u00edtulo da obra: subt\u00edtulo. N\u00famero da edi\u00e7\u00e3o. Local de Publica\u00e7\u00e3o: Editora, ano de publica\u00e7\u00e3o. P\u00e1ginas inicial e final do cap\u00edtulo.<br>Exemplo:\u2028 STUCKEY, Charles F. \u201cWarhol: backwards and forwards.\u201d In PRATT, Alan ed.&nbsp;<em>The Critical Response to Andy Warhol.<\/em>&nbsp;Greenwood Press, London, 1997, p.140<\/p>\n\n\n\n<p>\u2013 Artigo de peri\u00f3dico:<br>SOBRENOME DO AUTOR DO ARTIGO, Prenomes. \u201cT\u00edtulo do artigo: subt\u00edtulo\u201d. T\u00edtulo do Peri\u00f3dico, n\u00famero do volume, n\u00famero do fasc\u00edculo, p\u00e1ginas inicial e final do artigo, m\u00eas e ano.<br>Exemplo:\u2028LIMA, Luiza. \u201cHist\u00f3ria e g\u00eanero\u201d. Revista de Estudos Contempor\u00e2neos, v. 30, n. 19, p. 400-410, junho\/1999.\u2028<\/p>\n\n\n\n<p>\u2013 Disserta\u00e7\u00f5es e Teses:<br>SOBRENOME DO AUTOR, Prenomes. T\u00edtulo da obra: subt\u00edtulo. Ano de apresenta\u00e7\u00e3o. Categoria (Grau e \u00c1rea de Concentra\u00e7\u00e3o) \u2013 Institui\u00e7\u00e3o, Local.<br>Exemplo:\u2028LINS, Carla. Pr\u00e1ticas pedag\u00f3gicas fora da escola. 1999. Tese (Doutorado em Educa\u00e7\u00e3o) \u2013 Programa de P\u00f3s-Gradua\u00e7\u00e3o em Educa\u00e7\u00e3o Comparada, Faculdade de Educa\u00e7\u00e3o da UEFF, S\u00e3o Paulo. Acessado<\/p>\n\n\n\n<p>\u2013 Sites\/blogs etc:<br>SOBRENOME DO AUTOR DA OBRA, Prenomes. T\u00edtulo da obra: subt\u00edtulo. Local de Publica\u00e7\u00e3o: Editora, ano de publica\u00e7\u00e3o. Dispon\u00edvel em [link] Acessado em [data]<br>Exemplo: SEIDEL, Steve et. al. The qualities of quality: excellence in arts education. Project Zero, Harvard Graduate School of Education, 2008. Dispon\u00edvel em: http:\/\/www.wallacefoundation.org\/knowledge-center\/arts-education\/arts-classroom-instruction\/Documents\/Understanding-Excellence-in-Arts-Education.pdf. (Acessado em setembro 2013)<\/p>\n\n\n\n<p>Em caso de outros usos da mesma refer\u00eancia no corpo do texto, devem aparecer tamb\u00e9m como nota de rodap\u00e9 de p\u00e1gina, usando&nbsp;<em>Ibid&nbsp;<\/em>no caso de repeti\u00e7\u00e3o, seguida de uma nota pr\u00e9via ou [NOME DO AUTOR]&nbsp;<em>Opcit&nbsp;<\/em>[n\u00famero de p\u00e1gina].<\/p>\n\n\n\n<p><strong>Imagens&nbsp;<\/strong>\u2013 Cada texto dever\u00e1 ser acompanhado por uma sele\u00e7\u00e3o de, no m\u00ednimo, cinco imagens representativas do estudo do caso ou artigo. As imagens devem ser enviadas nos formatos TIFF ou JPEG, resolu\u00e7\u00e3o de 300 dpi e ter no m\u00e1ximo 5 MB com suas respectivas legendas. Em caso de aceita\u00e7\u00e3o do texto, os editores poder\u00e3o solicitar mais imagens.<br>Os direitos de reprodu\u00e7\u00e3o de imagens (fotos, gravuras, quadros, etc.) fica sob a responsabilidade do(s) autor(es) dos artigos ou ensaios.<\/p>\n\n\n\n<p><strong>V\u00eddeos<\/strong>&nbsp;\u2013 Em caso de envio de v\u00eddeo para acompanhar um estudo de caso ou artigo ou uma proposta para uma videoentrevista, o arquivo deve ser enviado em formato AVI ou MPEG4, e ter no m\u00e1ximo 300 MB.<\/p>\n\n\n\n<p><strong>Biografia do autor<\/strong>&nbsp;\u2013 Cada texto dever\u00e1 ser acompanhado por uma breve biografia d(os) autor(es) entre 90 e 120 palavras.<\/p>\n\n\n\n<p><strong>Direitos Autorais<\/strong><br>Ao submeter um trabalho para a<em>&nbsp;Revista MESA<\/em>, o(s) autor(es) est\u00e1(\u00e3o) declarando que autoriza(m) a publica\u00e7\u00e3o do trabalho na revista. O(s) autor(es) tamb\u00e9m garante(m) que a contribui\u00e7\u00e3o \u00e9 original. Tamb\u00e9m, os direitos de reprodu\u00e7\u00e3o de imagens (fotos, gravuras, quadros, etc.), fotografia original e\/ou v\u00eddeo ficam sob a responsabilidade do(s) autor(es).<\/p>\n\n\n\n<p><strong>Encaminhamento dos trabalhos<\/strong><\/p>\n\n\n\n<p>Para submeter um trabalho \u00e0&nbsp;<em>Revista MESA<\/em>, o autor deve enviar o texto, a sele\u00e7\u00e3o de imagens e a biografia para o email institutomesa@institutomesa.org com a frase \u201cSubmiss\u00e3o para&nbsp;<em>Revista MESA<\/em>\u201d na descri\u00e7\u00e3o do assunto. Ainda atrav\u00e9s deste endere\u00e7o, as d\u00favidas sobre o processo de submiss\u00e3o poder\u00e3o ser esclarecidas. As informa\u00e7\u00f5es a respeito da tramita\u00e7\u00e3o do trabalho at\u00e9 a publica\u00e7\u00e3o ser\u00e3o enviadas por e-mail. Nesse sentido, \u00e9 fundamental que os autores indiquem seus endere\u00e7os eletr\u00f4nicos no momento da entrega do material.<\/p>\n\n\n\n<p><strong>Processo de avalia\u00e7\u00e3o dos trabalhos<br><\/strong><br>1. O trabalho submetido \u00e0&nbsp;<em>Revista MESA&nbsp;<\/em>ser\u00e1 avaliado semestralmente por seus editores e convidados de cada edi\u00e7\u00e3o.<\/p>\n\n\n\n<p>2. O editores podem aceitar ou n\u00e3o o conjunto submetido para publica\u00e7\u00e3o, de acordo com a pol\u00edtica editorial.<\/p>\n\n\n\n<p>3. Os editores entrar\u00e3o em contato com os autores para sugerir altera\u00e7\u00f5es no texto, tanto no que se refere ao conte\u00fado da mat\u00e9ria, como em rela\u00e7\u00e3o \u00e0 adequa\u00e7\u00e3o do texto \u00e0s normas de reda\u00e7\u00e3o e apresenta\u00e7\u00e3o.<\/p>\n\n\n\n<p>4. O material aprovado para publica\u00e7\u00e3o ser\u00e1 submetido \u00e0 revis\u00e3o.<\/p>\n\n\n\n<p>5. Os editores, a&nbsp;<em>Revista MESA&nbsp;<\/em>e o Instituto MESA, e\/ou qualquer indiv\u00edduo ou institui\u00e7\u00e3o vinculada aos seus \u00f3rg\u00e3os colegiados, n\u00e3o se responsabilizam pelas opini\u00f5es, ideias, conceitos e posicionamentos expressos nos textos, por serem de inteira responsabilidade de seu(s) autor(es).<\/p>\n","protected":false},"excerpt":{"rendered":"<p>Normas de publica\u00e7\u00e3o Revista MESA&nbsp;recebe trabalhos originais (textos diversos, v\u00eddeos, fotografia etc.) produzidos por artistas, curadores, educadores, ativistas, cr\u00edticos e pesquisadores com interesses nas interfaces contempor\u00e2neas entre arte e sociedade. [&hellip;]<\/p>\n","protected":false},"author":1,"featured_media":0,"parent":0,"menu_order":0,"comment_status":"closed","ping_status":"closed","template":"","meta":[],"_links":{"self":[{"href":"https:\/\/institutomesa.org\/revistamesa\/edicoes\/7\/wp-json\/wp\/v2\/pages\/6401"}],"collection":[{"href":"https:\/\/institutomesa.org\/revistamesa\/edicoes\/7\/wp-json\/wp\/v2\/pages"}],"about":[{"href":"https:\/\/institutomesa.org\/revistamesa\/edicoes\/7\/wp-json\/wp\/v2\/types\/page"}],"author":[{"embeddable":true,"href":"https:\/\/institutomesa.org\/revistamesa\/edicoes\/7\/wp-json\/wp\/v2\/users\/1"}],"replies":[{"embeddable":true,"href":"https:\/\/institutomesa.org\/revistamesa\/edicoes\/7\/wp-json\/wp\/v2\/comments?post=6401"}],"version-history":[{"count":8,"href":"https:\/\/institutomesa.org\/revistamesa\/edicoes\/7\/wp-json\/wp\/v2\/pages\/6401\/revisions"}],"predecessor-version":[{"id":6423,"href":"https:\/\/institutomesa.org\/revistamesa\/edicoes\/7\/wp-json\/wp\/v2\/pages\/6401\/revisions\/6423"}],"wp:attachment":[{"href":"https:\/\/institutomesa.org\/revistamesa\/edicoes\/7\/wp-json\/wp\/v2\/media?parent=6401"}],"curies":[{"name":"wp","href":"https:\/\/api.w.org\/{rel}","templated":true}]}}