{"id":6392,"date":"2025-10-17T15:47:31","date_gmt":"2025-10-17T18:47:31","guid":{"rendered":"https:\/\/institutomesa.org\/revistamesa\/edicoes\/7\/?page_id=6392"},"modified":"2025-10-17T18:16:58","modified_gmt":"2025-10-17T21:16:58","slug":"corpo-editorial","status":"publish","type":"page","link":"https:\/\/institutomesa.org\/revistamesa\/edicoes\/7\/corpo-editorial\/","title":{"rendered":"Corpo editorial"},"content":{"rendered":"\n<h2>Corpo editorial<\/h2>\n\n\n\n<p><\/p>\n\n\n\n<p>Revista MESA \u00e9 um peri\u00f3dico bil\u00edngue (portugu\u00eas e ingl\u00eas), publicado semestralmente pelo Instituto MESA com foco em pesquisas e projetos que realizam e aprofundam os encontros entre arte, cultura e sociedade.<\/p>\n\n\n\n<h3>Editores<\/h3>\n\n\n\n<p>\u2022 Jessica Gogan, Curadora e Educadora independente baseada nos EUA e no Brasil e Diretora do Instituto MESA;<\/p>\n\n\n\n<p>\u2022 Luiz Guilherme Vergara, Curador\/Diretor do Museu de Arte Contempor\u00e2nea de Niter\u00f3i e Professor do Departamento de Arte, Universidade Federal Fluminense, Rio de Janeiro;<\/p>\n\n\n\n<p>\u2022 Em colabora\u00e7\u00e3o com diversos contribuidores e autores para cada edi\u00e7\u00e3o.<\/p>\n\n\n\n<p>Para as biografias dos editores e contribuidores:<\/p>\n\n\n\n<p><a href=\"https:\/\/institutomesa.org\/revistamesa\/edicoes\/1\/\" target=\"_blank\" rel=\"noreferrer noopener\">1\u00aa edi\u00e7\u00e3o<\/a><\/p>\n\n\n\n<p><a href=\"https:\/\/institutomesa.org\/revistamesa\/edicoes\/2\/\" target=\"_blank\" rel=\"noreferrer noopener\">2\u00aa edi\u00e7\u00e3o<\/a><\/p>\n\n\n\n<p><a href=\"https:\/\/institutomesa.org\/revistamesa\/edicoes\/3\/\" target=\"_blank\" rel=\"noreferrer noopener\">3\u00aa edi\u00e7\u00e3o<\/a><\/p>\n\n\n\n<p><a href=\"https:\/\/institutomesa.org\/revistamesa\/edicoes\/4\/\" target=\"_blank\" rel=\"noreferrer noopener\">4\u00aa edi\u00e7\u00e3o<\/a><\/p>\n\n\n\n<p><a href=\"https:\/\/institutomesa.org\/revistamesa\/edicoes\/5\/\" target=\"_blank\" rel=\"noreferrer noopener\">5\u00aa edi\u00e7\u00e3o<\/a><\/p>\n\n\n\n<p><a href=\"https:\/\/institutomesa.org\/revistamesa\/edicoes\/6\/\" target=\"_blank\" rel=\"noreferrer noopener\">6\u00aa edi\u00e7\u00e3o<\/a><\/p>\n","protected":false},"excerpt":{"rendered":"<p>Corpo editorial Revista MESA \u00e9 um peri\u00f3dico bil\u00edngue (portugu\u00eas e ingl\u00eas), publicado semestralmente pelo Instituto MESA com foco em pesquisas e projetos que realizam e aprofundam os encontros entre arte, [&hellip;]<\/p>\n","protected":false},"author":1,"featured_media":0,"parent":0,"menu_order":0,"comment_status":"closed","ping_status":"closed","template":"","meta":[],"_links":{"self":[{"href":"https:\/\/institutomesa.org\/revistamesa\/edicoes\/7\/wp-json\/wp\/v2\/pages\/6392"}],"collection":[{"href":"https:\/\/institutomesa.org\/revistamesa\/edicoes\/7\/wp-json\/wp\/v2\/pages"}],"about":[{"href":"https:\/\/institutomesa.org\/revistamesa\/edicoes\/7\/wp-json\/wp\/v2\/types\/page"}],"author":[{"embeddable":true,"href":"https:\/\/institutomesa.org\/revistamesa\/edicoes\/7\/wp-json\/wp\/v2\/users\/1"}],"replies":[{"embeddable":true,"href":"https:\/\/institutomesa.org\/revistamesa\/edicoes\/7\/wp-json\/wp\/v2\/comments?post=6392"}],"version-history":[{"count":6,"href":"https:\/\/institutomesa.org\/revistamesa\/edicoes\/7\/wp-json\/wp\/v2\/pages\/6392\/revisions"}],"predecessor-version":[{"id":6428,"href":"https:\/\/institutomesa.org\/revistamesa\/edicoes\/7\/wp-json\/wp\/v2\/pages\/6392\/revisions\/6428"}],"wp:attachment":[{"href":"https:\/\/institutomesa.org\/revistamesa\/edicoes\/7\/wp-json\/wp\/v2\/media?parent=6392"}],"curies":[{"name":"wp","href":"https:\/\/api.w.org\/{rel}","templated":true}]}}