{"id":5094,"date":"2025-09-30T15:49:51","date_gmt":"2025-09-30T18:49:51","guid":{"rendered":"https:\/\/institutomesa.org\/revistamesa\/edicoes\/7\/?page_id=5094"},"modified":"2025-10-07T11:22:55","modified_gmt":"2025-10-07T14:22:55","slug":"artistas-residentes-companhia-de-mysterios-de-novidades","status":"publish","type":"page","link":"https:\/\/institutomesa.org\/revistamesa\/edicoes\/7\/artistas-residentes-companhia-de-mysterios-de-novidades\/","title":{"rendered":"Artistas Residentes &#8211; Companhia de Myst\u00e9rios e Novidades"},"content":{"rendered":"\n<h2>Companhia de Myst\u00e9rios e Novidades: Cortejos e florestas<\/h2>\n\n\n\t\t<!-- Gallery with PrettyPhoto plugin -->\n\t\t<div class=\"row assorted\">\t\t\t\t\n\n\t\t\t \t\t\t<div class=\"six mobile-two columns mobile-fullwidth\">\t\n\t\t\t <div class=\"row\">\n\t\t\t\t<div class=\"twelve columns\">\n\t\t\t\t\n\t\t\t\t\t\t\t\t\t\t\t<h3 class=\"post_title\"><a href=\"https:\/\/institutomesa.org\/revistamesa\/edicoes\/7\/portfolio\/entrevista-ligia-e-marilia\/\">Entrevista: L\u00edgia Veiga e Mar\u00edlia Felipe<\/a><\/h3>\n\t\t\t\t\t\t\t\t\t\t\n\t\t\t\t\t<!-- Portfolio post-thumb gallery -->\n\t\t\t\t\t\t<div class=\"portfolio_thumb\"><a title=\"Entrevista: L\u00edgia Veiga e Mar\u00edlia Felipe\" href=\"https:\/\/institutomesa.org\/revistamesa\/edicoes\/7\/portfolio\/entrevista-ligia-e-marilia\/\" class=\"custom-port\"><img src=\"http:\/\/institutomesa.org\/revistamesa\/edicoes\/7\/wp-content\/uploads\/sites\/3\/2025\/09\/1_IMG_2031-330x220.jpg\"  title=\"Entrevista: L\u00edgia Veiga e Mar\u00edlia Felipe\"\/><\/a><\/div>\n\t\t\t\t\t<!-- END Portfolio post-thumb gallery -->\n\n\t\t\t\t\t <!--BEGIN excerpt content -->\n\t\t\t\t\t \t\t\t\t\t\t<p><\/p>\n\t\t\t\t\t\t\n\t\t\t\t\t <!--END excerpt content -->\n\n\t\t\t\t\t<a href=\"https:\/\/institutomesa.org\/revistamesa\/edicoes\/7\/portfolio\/entrevista-ligia-e-marilia\/\"  class=\"more-link\">Entrevista: L\u00edgia Veiga e Mar\u00edlia Felipe<br><span class=\"autor_portfolio\">O que \u00e9 um cortejo? Hist\u00f3rias e influ\u00eancias da Grande Companhia Brasileira de Myst\u00e9rios e Novidades <\/span><\/a>\n\t\t\t\t  <\/div>\n\t\t\t\t <\/div>\n\t\t\t\t<\/div>\n\t\t\t\t\t\t\t<div class=\"six mobile-two columns mobile-fullwidth\">\t\n\t\t\t <div class=\"row\">\n\t\t\t\t<div class=\"twelve columns\">\n\t\t\t\t\n\t\t\t\t\t\t\t\t\t\t\t<h3 class=\"post_title\"><a href=\"https:\/\/institutomesa.org\/revistamesa\/edicoes\/7\/portfolio\/ensaio-iazana\/\">Ensaio visual: Cesar Oiticica Filho e Iazana Guizzo<\/a><\/h3>\n\t\t\t\t\t\t\t\t\t\t\n\t\t\t\t\t<!-- Portfolio post-thumb gallery -->\n\t\t\t\t\t\t<div class=\"portfolio_thumb\"><a title=\"Ensaio visual: Cesar Oiticica Filho e Iazana Guizzo\" href=\"https:\/\/institutomesa.org\/revistamesa\/edicoes\/7\/portfolio\/ensaio-iazana\/\" class=\"custom-port\"><img src=\"http:\/\/institutomesa.org\/revistamesa\/edicoes\/7\/wp-content\/uploads\/sites\/3\/2025\/09\/0_IMG_3385-330x220.jpg\"  title=\"Ensaio visual: Cesar Oiticica Filho e Iazana Guizzo\"\/><\/a><\/div>\n\t\t\t\t\t<!-- END Portfolio post-thumb gallery -->\n\n\t\t\t\t\t <!--BEGIN excerpt content -->\n\t\t\t\t\t \t\t\t\t\t\t<p><\/p>\n\t\t\t\t\t\t\n\t\t\t\t\t <!--END excerpt content -->\n\n\t\t\t\t\t<a href=\"https:\/\/institutomesa.org\/revistamesa\/edicoes\/7\/portfolio\/ensaio-iazana\/\"  class=\"more-link\">Ensaio: Cesar Oiticica Filho e Iazana Guizzo<br><span class=\"autor_portfolio\">Desperto com a Guanabara:  uma conversa, um cortejo, uma coroa para Iemanj\u00e1<\/span><\/a>\n\t\t\t\t  <\/div>\n\t\t\t\t <\/div>\n\t\t\t\t<\/div>\n\t\t\t\t\t\t\t<div class=\"six mobile-two columns mobile-fullwidth\">\t\n\t\t\t <div class=\"row\">\n\t\t\t\t<div class=\"twelve columns\">\n\t\t\t\t\n\t\t\t\t\t\t\t\t\t\t\t<h3 class=\"post_title\"><a href=\"https:\/\/institutomesa.org\/revistamesa\/edicoes\/7\/portfolio\/coleta-de-depoimentos\/\">Coleta de vozes<\/a><\/h3>\n\t\t\t\t\t\t\t\t\t\t\n\t\t\t\t\t<!-- Portfolio post-thumb gallery -->\n\t\t\t\t\t\t<div class=\"portfolio_thumb\"><a title=\"Coleta de vozes\" href=\"https:\/\/institutomesa.org\/revistamesa\/edicoes\/7\/portfolio\/coleta-de-depoimentos\/\" class=\"custom-port\"><img src=\"http:\/\/institutomesa.org\/revistamesa\/edicoes\/7\/wp-content\/uploads\/sites\/3\/2025\/09\/1_Andando-no-espiral_213701-330x220.jpg\"  title=\"Coleta de vozes\"\/><\/a><\/div>\n\t\t\t\t\t<!-- END Portfolio post-thumb gallery -->\n\n\t\t\t\t\t <!--BEGIN excerpt content -->\n\t\t\t\t\t \t\t\t\t\t\t<p><\/p>\n\t\t\t\t\t\t\n\t\t\t\t\t <!--END excerpt content -->\n\n\t\t\t\t\t<a href=\"https:\/\/institutomesa.org\/revistamesa\/edicoes\/7\/portfolio\/coleta-de-depoimentos\/\"  class=\"more-link\">Coleta de vozes<br><span class=\"autor_portfolio\">Ser gigante, ser inteira, ser presente: Coleta de vozes da Companhia de Myst\u00e9rios e Novidades<\/span><\/a>\n\t\t\t\t  <\/div>\n\t\t\t\t <\/div>\n\t\t\t\t<\/div>\n\t\t\t\t\t\t\t<div class=\"six mobile-two columns mobile-fullwidth\">\t\n\t\t\t <div class=\"row\">\n\t\t\t\t<div class=\"twelve columns\">\n\t\t\t\t\n\t\t\t\t\t\t\t\t\t\t\t<h3 class=\"post_title\"><a href=\"https:\/\/institutomesa.org\/revistamesa\/edicoes\/7\/portfolio\/roda-de-conversa\/\">Roda de Conversa<\/a><\/h3>\n\t\t\t\t\t\t\t\t\t\t\n\t\t\t\t\t<!-- Portfolio post-thumb gallery -->\n\t\t\t\t\t\t<div class=\"portfolio_thumb\"><a title=\"Roda de Conversa\" href=\"https:\/\/institutomesa.org\/revistamesa\/edicoes\/7\/portfolio\/roda-de-conversa\/\" class=\"custom-port\"><img src=\"http:\/\/institutomesa.org\/revistamesa\/edicoes\/7\/wp-content\/uploads\/sites\/3\/2025\/09\/Imagem-Capa_20241208_171027-330x220.jpg\"  title=\"Roda de Conversa\"\/><\/a><\/div>\n\t\t\t\t\t<!-- END Portfolio post-thumb gallery -->\n\n\t\t\t\t\t <!--BEGIN excerpt content -->\n\t\t\t\t\t \t\t\t\t\t\t<p><\/p>\n\t\t\t\t\t\t\n\t\t\t\t\t <!--END excerpt content -->\n\n\t\t\t\t\t<a href=\"https:\/\/institutomesa.org\/revistamesa\/edicoes\/7\/portfolio\/roda-de-conversa\/\"  class=\"more-link\">Roda de Conversa<br><span class=\"autor_portfolio\">Escola sem paredes: Artes, ci\u00eancias, espiritualidades em hist\u00f3rias vivas<\/span><\/a>\n\t\t\t\t  <\/div>\n\t\t\t\t <\/div>\n\t\t\t\t<\/div>\n\t\t\t\t\t\t\t\t\t\t\t\t\t\t\n\t\t\t\t\n\t  <\/div> <!-- end row assorted -->\t\n\t<!-- End Gallery with PrettyPhoto plugin -->\n\n\n\t\n","protected":false},"excerpt":{"rendered":"<p>Companhia de Myst\u00e9rios e Novidades: Cortejos e florestas<\/p>\n","protected":false},"author":1,"featured_media":0,"parent":0,"menu_order":0,"comment_status":"closed","ping_status":"closed","template":"","meta":[],"_links":{"self":[{"href":"https:\/\/institutomesa.org\/revistamesa\/edicoes\/7\/wp-json\/wp\/v2\/pages\/5094"}],"collection":[{"href":"https:\/\/institutomesa.org\/revistamesa\/edicoes\/7\/wp-json\/wp\/v2\/pages"}],"about":[{"href":"https:\/\/institutomesa.org\/revistamesa\/edicoes\/7\/wp-json\/wp\/v2\/types\/page"}],"author":[{"embeddable":true,"href":"https:\/\/institutomesa.org\/revistamesa\/edicoes\/7\/wp-json\/wp\/v2\/users\/1"}],"replies":[{"embeddable":true,"href":"https:\/\/institutomesa.org\/revistamesa\/edicoes\/7\/wp-json\/wp\/v2\/comments?post=5094"}],"version-history":[{"count":7,"href":"https:\/\/institutomesa.org\/revistamesa\/edicoes\/7\/wp-json\/wp\/v2\/pages\/5094\/revisions"}],"predecessor-version":[{"id":5878,"href":"https:\/\/institutomesa.org\/revistamesa\/edicoes\/7\/wp-json\/wp\/v2\/pages\/5094\/revisions\/5878"}],"wp:attachment":[{"href":"https:\/\/institutomesa.org\/revistamesa\/edicoes\/7\/wp-json\/wp\/v2\/media?parent=5094"}],"curies":[{"name":"wp","href":"https:\/\/api.w.org\/{rel}","templated":true}]}}