{"id":4181,"date":"2025-09-22T14:56:42","date_gmt":"2025-09-22T17:56:42","guid":{"rendered":"https:\/\/institutomesa.org\/revistamesa\/edicoes\/7\/?page_id=4181"},"modified":"2025-10-13T16:43:13","modified_gmt":"2025-10-13T19:43:13","slug":"lucas-van-de-beuque","status":"publish","type":"page","link":"https:\/\/institutomesa.org\/revistamesa\/edicoes\/7\/lucas-van-de-beuque\/","title":{"rendered":"Lucas Van de Beuque"},"content":{"rendered":"\n<div class=\"alignnormal\"><div id=\"metaslider-id-4150\" style=\"width: 100%; margin: 0 auto;\" class=\"ml-slider-3-20-3 metaslider metaslider-flex metaslider-4150 ml-slider\">\n    <div id=\"metaslider_container_4150\">\n        <div id=\"metaslider_4150\">\n            <ul aria-live=\"polite\" class=\"slides\">\n                <li style=\"display: block; width: 100%;\" class=\"slide-4242 ms-image\"><img width=\"1000\" height=\"667\" src=\"https:\/\/institutomesa.org\/revistamesa\/edicoes\/7\/wp-content\/uploads\/sites\/3\/2025\/09\/01-Ze-Bezerra1__.jpg\" class=\"slider-4150 slide-4242\" alt=\"\" loading=\"lazy\" rel=\"\" title=\"01 Ze Bezerra1__\" style=\"margin: 0 auto; width: 99.378881987578%\" srcset=\"https:\/\/institutomesa.org\/revistamesa\/edicoes\/7\/wp-content\/uploads\/sites\/3\/2025\/09\/01-Ze-Bezerra1__.jpg 1000w, https:\/\/institutomesa.org\/revistamesa\/edicoes\/7\/wp-content\/uploads\/sites\/3\/2025\/09\/01-Ze-Bezerra1__-300x200.jpg 300w, https:\/\/institutomesa.org\/revistamesa\/edicoes\/7\/wp-content\/uploads\/sites\/3\/2025\/09\/01-Ze-Bezerra1__-768x512.jpg 768w\" sizes=\"(max-width: 1000px) 100vw, 1000px\" \/><div class=\"caption-wrap\"><div class=\"caption\">Z\u00e9 Bezerra no Vale do Catimbau, Pernambuco. 2024.<\/div><\/div><\/li>\n                <li style=\"display: none; width: 100%;\" class=\"slide-4243 ms-image\"><img width=\"1000\" height=\"667\" src=\"https:\/\/institutomesa.org\/revistamesa\/edicoes\/7\/wp-content\/uploads\/sites\/3\/2025\/09\/02-Ze-Bezerra2__.jpg\" class=\"slider-4150 slide-4243\" alt=\"\" loading=\"lazy\" rel=\"\" title=\"02 Ze Bezerra2__\" style=\"margin: 0 auto; width: 99.378881987578%\" srcset=\"https:\/\/institutomesa.org\/revistamesa\/edicoes\/7\/wp-content\/uploads\/sites\/3\/2025\/09\/02-Ze-Bezerra2__.jpg 1000w, https:\/\/institutomesa.org\/revistamesa\/edicoes\/7\/wp-content\/uploads\/sites\/3\/2025\/09\/02-Ze-Bezerra2__-300x200.jpg 300w, https:\/\/institutomesa.org\/revistamesa\/edicoes\/7\/wp-content\/uploads\/sites\/3\/2025\/09\/02-Ze-Bezerra2__-768x512.jpg 768w\" sizes=\"(max-width: 1000px) 100vw, 1000px\" \/><div class=\"caption-wrap\"><div class=\"caption\">Z\u00e9 Bezerra no Vale do Catimbau, Pernambuco. 2024.<\/div><\/div><\/li>\n                <li style=\"display: none; width: 100%;\" class=\"slide-4244 ms-image\"><img width=\"1000\" height=\"667\" src=\"https:\/\/institutomesa.org\/revistamesa\/edicoes\/7\/wp-content\/uploads\/sites\/3\/2025\/09\/03-Ze-Bezerra3_.jpg\" class=\"slider-4150 slide-4244\" alt=\"\" loading=\"lazy\" rel=\"\" title=\"03 Ze Bezerra3_\" style=\"margin: 0 auto; width: 99.378881987578%\" srcset=\"https:\/\/institutomesa.org\/revistamesa\/edicoes\/7\/wp-content\/uploads\/sites\/3\/2025\/09\/03-Ze-Bezerra3_.jpg 1000w, https:\/\/institutomesa.org\/revistamesa\/edicoes\/7\/wp-content\/uploads\/sites\/3\/2025\/09\/03-Ze-Bezerra3_-300x200.jpg 300w, https:\/\/institutomesa.org\/revistamesa\/edicoes\/7\/wp-content\/uploads\/sites\/3\/2025\/09\/03-Ze-Bezerra3_-768x512.jpg 768w\" sizes=\"(max-width: 1000px) 100vw, 1000px\" \/><div class=\"caption-wrap\"><div class=\"caption\">Z\u00e9 Bezerra no Vale do Catimbau, Pernambuco. 2024.<\/div><\/div><\/li>\n                <li style=\"display: none; width: 100%;\" class=\"slide-4245 ms-image\"><img width=\"563\" height=\"1000\" src=\"https:\/\/institutomesa.org\/revistamesa\/edicoes\/7\/wp-content\/uploads\/sites\/3\/2025\/09\/04-Ze-Bezerra4_.jpg\" class=\"slider-4150 slide-4245\" alt=\"\" loading=\"lazy\" rel=\"\" title=\"04 Ze Bezerra4_\" style=\"margin: 0 auto; width: 37.318857142857%\" srcset=\"https:\/\/institutomesa.org\/revistamesa\/edicoes\/7\/wp-content\/uploads\/sites\/3\/2025\/09\/04-Ze-Bezerra4_.jpg 563w, https:\/\/institutomesa.org\/revistamesa\/edicoes\/7\/wp-content\/uploads\/sites\/3\/2025\/09\/04-Ze-Bezerra4_-169x300.jpg 169w\" sizes=\"(max-width: 563px) 100vw, 563px\" \/><div class=\"caption-wrap\"><div class=\"caption\">Z\u00e9 Bezerra no Vale do Catimbau, Pernambuco. 2024.<\/div><\/div><\/li>\n                <li style=\"display: none; width: 100%;\" class=\"slide-4246 ms-image\"><img width=\"1000\" height=\"667\" src=\"https:\/\/institutomesa.org\/revistamesa\/edicoes\/7\/wp-content\/uploads\/sites\/3\/2025\/09\/05-Ze-Bezerra5_.jpg\" class=\"slider-4150 slide-4246\" alt=\"\" loading=\"lazy\" rel=\"\" title=\"05 Ze Bezerra5_\" style=\"margin: 0 auto; width: 99.378881987578%\" srcset=\"https:\/\/institutomesa.org\/revistamesa\/edicoes\/7\/wp-content\/uploads\/sites\/3\/2025\/09\/05-Ze-Bezerra5_.jpg 1000w, https:\/\/institutomesa.org\/revistamesa\/edicoes\/7\/wp-content\/uploads\/sites\/3\/2025\/09\/05-Ze-Bezerra5_-300x200.jpg 300w, https:\/\/institutomesa.org\/revistamesa\/edicoes\/7\/wp-content\/uploads\/sites\/3\/2025\/09\/05-Ze-Bezerra5_-768x512.jpg 768w\" sizes=\"(max-width: 1000px) 100vw, 1000px\" \/><div class=\"caption-wrap\"><div class=\"caption\">Z\u00e9 Bezerra no Vale do Catimbau, Pernambuco. 2024.<\/div><\/div><\/li>\n                <li style=\"display: none; width: 100%;\" class=\"slide-4247 ms-image\"><img width=\"1000\" height=\"665\" src=\"https:\/\/institutomesa.org\/revistamesa\/edicoes\/7\/wp-content\/uploads\/sites\/3\/2025\/09\/06-Noemisa1_.jpg\" class=\"slider-4150 slide-4247\" alt=\"\" loading=\"lazy\" rel=\"\" title=\"06 Noemisa1_\" style=\"margin: 0 auto; width: 99.677765843179%\" srcset=\"https:\/\/institutomesa.org\/revistamesa\/edicoes\/7\/wp-content\/uploads\/sites\/3\/2025\/09\/06-Noemisa1_.jpg 1000w, https:\/\/institutomesa.org\/revistamesa\/edicoes\/7\/wp-content\/uploads\/sites\/3\/2025\/09\/06-Noemisa1_-300x200.jpg 300w, https:\/\/institutomesa.org\/revistamesa\/edicoes\/7\/wp-content\/uploads\/sites\/3\/2025\/09\/06-Noemisa1_-768x511.jpg 768w\" sizes=\"(max-width: 1000px) 100vw, 1000px\" \/><div class=\"caption-wrap\"><div class=\"caption\">Noemisa, em sua casa. Cara\u00ed, Vale do Jequitinhonha, Minas Gerais.  2005.<\/div><\/div><\/li>\n                <li style=\"display: none; width: 100%;\" class=\"slide-4248 ms-image\"><img width=\"1000\" height=\"675\" src=\"https:\/\/institutomesa.org\/revistamesa\/edicoes\/7\/wp-content\/uploads\/sites\/3\/2025\/09\/07-Noemisa2__.jpg\" class=\"slider-4150 slide-4248\" alt=\"\" loading=\"lazy\" rel=\"\" title=\"07 Noemisa2__\" style=\"margin: 0 auto; width: 98.201058201058%\" srcset=\"https:\/\/institutomesa.org\/revistamesa\/edicoes\/7\/wp-content\/uploads\/sites\/3\/2025\/09\/07-Noemisa2__.jpg 1000w, https:\/\/institutomesa.org\/revistamesa\/edicoes\/7\/wp-content\/uploads\/sites\/3\/2025\/09\/07-Noemisa2__-300x203.jpg 300w, https:\/\/institutomesa.org\/revistamesa\/edicoes\/7\/wp-content\/uploads\/sites\/3\/2025\/09\/07-Noemisa2__-768x518.jpg 768w\" sizes=\"(max-width: 1000px) 100vw, 1000px\" \/><div class=\"caption-wrap\"><div class=\"caption\">Casa de Noemisa, Cara\u00ed, Vale do Jequitinhonha, Minas Gerais.  2005.<\/div><\/div><\/li>\n                <li style=\"display: none; width: 100%;\" class=\"slide-4249 ms-image\"><img width=\"1000\" height=\"675\" src=\"https:\/\/institutomesa.org\/revistamesa\/edicoes\/7\/wp-content\/uploads\/sites\/3\/2025\/09\/08-Noemisa3_.jpg\" class=\"slider-4150 slide-4249\" alt=\"\" loading=\"lazy\" rel=\"\" title=\"08 Noemisa3_\" style=\"margin: 0 auto; width: 98.201058201058%\" srcset=\"https:\/\/institutomesa.org\/revistamesa\/edicoes\/7\/wp-content\/uploads\/sites\/3\/2025\/09\/08-Noemisa3_.jpg 1000w, https:\/\/institutomesa.org\/revistamesa\/edicoes\/7\/wp-content\/uploads\/sites\/3\/2025\/09\/08-Noemisa3_-300x203.jpg 300w, https:\/\/institutomesa.org\/revistamesa\/edicoes\/7\/wp-content\/uploads\/sites\/3\/2025\/09\/08-Noemisa3_-768x518.jpg 768w\" sizes=\"(max-width: 1000px) 100vw, 1000px\" \/><div class=\"caption-wrap\"><div class=\"caption\">Casa de Noemisa, Cara\u00ed, Vale do Jequitinhonha, Minas Gerais.  2005.<\/div><\/div><\/li>\n                <li style=\"display: none; width: 100%;\" class=\"slide-4250 ms-image\"><img width=\"1000\" height=\"665\" src=\"https:\/\/institutomesa.org\/revistamesa\/edicoes\/7\/wp-content\/uploads\/sites\/3\/2025\/09\/09-Noemisa4_.jpg\" class=\"slider-4150 slide-4250\" alt=\"\" loading=\"lazy\" rel=\"\" title=\"09 Noemisa4_\" style=\"margin: 0 auto; width: 99.677765843179%\" srcset=\"https:\/\/institutomesa.org\/revistamesa\/edicoes\/7\/wp-content\/uploads\/sites\/3\/2025\/09\/09-Noemisa4_.jpg 1000w, https:\/\/institutomesa.org\/revistamesa\/edicoes\/7\/wp-content\/uploads\/sites\/3\/2025\/09\/09-Noemisa4_-300x200.jpg 300w, https:\/\/institutomesa.org\/revistamesa\/edicoes\/7\/wp-content\/uploads\/sites\/3\/2025\/09\/09-Noemisa4_-768x511.jpg 768w\" sizes=\"(max-width: 1000px) 100vw, 1000px\" \/><div class=\"caption-wrap\"><div class=\"caption\">Vale do Jequitinhonha, Minas Gerais.  2005.\n<\/div><\/div><\/li>\n                <li style=\"display: none; width: 100%;\" class=\"slide-4251 ms-image\"><img width=\"1000\" height=\"665\" src=\"https:\/\/institutomesa.org\/revistamesa\/edicoes\/7\/wp-content\/uploads\/sites\/3\/2025\/09\/10-Noemisa5_.jpg\" class=\"slider-4150 slide-4251\" alt=\"\" loading=\"lazy\" rel=\"\" title=\"10 Noemisa5_\" style=\"margin: 0 auto; width: 99.677765843179%\" srcset=\"https:\/\/institutomesa.org\/revistamesa\/edicoes\/7\/wp-content\/uploads\/sites\/3\/2025\/09\/10-Noemisa5_.jpg 1000w, https:\/\/institutomesa.org\/revistamesa\/edicoes\/7\/wp-content\/uploads\/sites\/3\/2025\/09\/10-Noemisa5_-300x200.jpg 300w, https:\/\/institutomesa.org\/revistamesa\/edicoes\/7\/wp-content\/uploads\/sites\/3\/2025\/09\/10-Noemisa5_-768x511.jpg 768w\" sizes=\"(max-width: 1000px) 100vw, 1000px\" \/><div class=\"caption-wrap\"><div class=\"caption\">Vale do Jequitinhonha, Minas Gerais.  2005.\n<\/div><\/div><\/li>\n                <li style=\"display: none; width: 100%;\" class=\"slide-4252 ms-image\"><img width=\"1000\" height=\"667\" src=\"https:\/\/institutomesa.org\/revistamesa\/edicoes\/7\/wp-content\/uploads\/sites\/3\/2025\/09\/11-Roxinha1_.jpg\" class=\"slider-4150 slide-4252\" alt=\"\" loading=\"lazy\" rel=\"\" title=\"11 Roxinha1_\" style=\"margin: 0 auto; width: 99.378881987578%\" srcset=\"https:\/\/institutomesa.org\/revistamesa\/edicoes\/7\/wp-content\/uploads\/sites\/3\/2025\/09\/11-Roxinha1_.jpg 1000w, https:\/\/institutomesa.org\/revistamesa\/edicoes\/7\/wp-content\/uploads\/sites\/3\/2025\/09\/11-Roxinha1_-300x200.jpg 300w, https:\/\/institutomesa.org\/revistamesa\/edicoes\/7\/wp-content\/uploads\/sites\/3\/2025\/09\/11-Roxinha1_-768x512.jpg 768w\" sizes=\"(max-width: 1000px) 100vw, 1000px\" \/><div class=\"caption-wrap\"><div class=\"caption\">Roxinha, em sua casa. P\u00e3o de A\u00e7\u00facar, Alagoas.  2023.<\/div><\/div><\/li>\n                <li style=\"display: none; width: 100%;\" class=\"slide-4253 ms-image\"><img width=\"1000\" height=\"667\" src=\"https:\/\/institutomesa.org\/revistamesa\/edicoes\/7\/wp-content\/uploads\/sites\/3\/2025\/09\/12-Roxinha2_.jpg\" class=\"slider-4150 slide-4253\" alt=\"\" loading=\"lazy\" rel=\"\" title=\"12 Roxinha2_\" style=\"margin: 0 auto; width: 99.378881987578%\" srcset=\"https:\/\/institutomesa.org\/revistamesa\/edicoes\/7\/wp-content\/uploads\/sites\/3\/2025\/09\/12-Roxinha2_.jpg 1000w, https:\/\/institutomesa.org\/revistamesa\/edicoes\/7\/wp-content\/uploads\/sites\/3\/2025\/09\/12-Roxinha2_-300x200.jpg 300w, https:\/\/institutomesa.org\/revistamesa\/edicoes\/7\/wp-content\/uploads\/sites\/3\/2025\/09\/12-Roxinha2_-768x512.jpg 768w\" sizes=\"(max-width: 1000px) 100vw, 1000px\" \/><div class=\"caption-wrap\"><div class=\"caption\">Casa de Roxinha, P\u00e3o de A\u00e7\u00facar, Alagoas.  2023.<\/div><\/div><\/li>\n                <li style=\"display: none; width: 100%;\" class=\"slide-4254 ms-image\"><img width=\"1000\" height=\"563\" src=\"https:\/\/institutomesa.org\/revistamesa\/edicoes\/7\/wp-content\/uploads\/sites\/3\/2025\/09\/13-Roxinha3_.jpg\" class=\"slider-4150 slide-4254\" alt=\"\" loading=\"lazy\" rel=\"\" title=\"13 Roxinha3_\" style=\"margin-top: 4.9928571428571%\" srcset=\"https:\/\/institutomesa.org\/revistamesa\/edicoes\/7\/wp-content\/uploads\/sites\/3\/2025\/09\/13-Roxinha3_.jpg 1000w, https:\/\/institutomesa.org\/revistamesa\/edicoes\/7\/wp-content\/uploads\/sites\/3\/2025\/09\/13-Roxinha3_-300x169.jpg 300w, https:\/\/institutomesa.org\/revistamesa\/edicoes\/7\/wp-content\/uploads\/sites\/3\/2025\/09\/13-Roxinha3_-768x432.jpg 768w\" sizes=\"(max-width: 1000px) 100vw, 1000px\" \/><div class=\"caption-wrap\"><div class=\"caption\">Casa de Roxinha, P\u00e3o de A\u00e7\u00facar, Alagoas.  2023.<\/div><\/div><\/li>\n                <li style=\"display: none; width: 100%;\" class=\"slide-4255 ms-image\"><img width=\"563\" height=\"1000\" src=\"https:\/\/institutomesa.org\/revistamesa\/edicoes\/7\/wp-content\/uploads\/sites\/3\/2025\/09\/14-Roxinha4_.jpg\" class=\"slider-4150 slide-4255\" alt=\"\" loading=\"lazy\" rel=\"\" title=\"14 Roxinha4_\" style=\"margin: 0 auto; width: 37.318857142857%\" srcset=\"https:\/\/institutomesa.org\/revistamesa\/edicoes\/7\/wp-content\/uploads\/sites\/3\/2025\/09\/14-Roxinha4_.jpg 563w, https:\/\/institutomesa.org\/revistamesa\/edicoes\/7\/wp-content\/uploads\/sites\/3\/2025\/09\/14-Roxinha4_-169x300.jpg 169w\" sizes=\"(max-width: 563px) 100vw, 563px\" \/><div class=\"caption-wrap\"><div class=\"caption\">Domingos Lisboa, companheiro de Roxinha, P\u00e3o de A\u00e7\u00facar, Alagoas.  2023.<\/div><\/div><\/li>\n                <li style=\"display: none; width: 100%;\" class=\"slide-4256 ms-image\"><img width=\"1000\" height=\"563\" src=\"https:\/\/institutomesa.org\/revistamesa\/edicoes\/7\/wp-content\/uploads\/sites\/3\/2025\/09\/15-Roxinha5_.jpg\" class=\"slider-4150 slide-4256\" alt=\"\" loading=\"lazy\" rel=\"\" title=\"15 Roxinha5_\" style=\"margin-top: 4.9928571428571%\" srcset=\"https:\/\/institutomesa.org\/revistamesa\/edicoes\/7\/wp-content\/uploads\/sites\/3\/2025\/09\/15-Roxinha5_.jpg 1000w, https:\/\/institutomesa.org\/revistamesa\/edicoes\/7\/wp-content\/uploads\/sites\/3\/2025\/09\/15-Roxinha5_-300x169.jpg 300w, https:\/\/institutomesa.org\/revistamesa\/edicoes\/7\/wp-content\/uploads\/sites\/3\/2025\/09\/15-Roxinha5_-768x432.jpg 768w\" sizes=\"(max-width: 1000px) 100vw, 1000px\" \/><div class=\"caption-wrap\"><div class=\"caption\">Casa de Roxinha, P\u00e3o de A\u00e7\u00facar, Alagoas.  2023.<\/div><\/div><\/li>\n                <li style=\"display: none; width: 100%;\" class=\"slide-4258 ms-image\"><img width=\"1000\" height=\"563\" src=\"https:\/\/institutomesa.org\/revistamesa\/edicoes\/7\/wp-content\/uploads\/sites\/3\/2025\/09\/16-Vital1_.jpg\" class=\"slider-4150 slide-4258\" alt=\"\" loading=\"lazy\" rel=\"\" title=\"16 Vital1_\" style=\"margin-top: 4.9928571428571%\" srcset=\"https:\/\/institutomesa.org\/revistamesa\/edicoes\/7\/wp-content\/uploads\/sites\/3\/2025\/09\/16-Vital1_.jpg 1000w, https:\/\/institutomesa.org\/revistamesa\/edicoes\/7\/wp-content\/uploads\/sites\/3\/2025\/09\/16-Vital1_-300x169.jpg 300w, https:\/\/institutomesa.org\/revistamesa\/edicoes\/7\/wp-content\/uploads\/sites\/3\/2025\/09\/16-Vital1_-768x432.jpg 768w\" sizes=\"(max-width: 1000px) 100vw, 1000px\" \/><div class=\"caption-wrap\"><div class=\"caption\">Mestre Vital, em sua casa. Camet\u00e1, Par\u00e1.  2024.\n<\/div><\/div><\/li>\n                <li style=\"display: none; width: 100%;\" class=\"slide-4259 ms-image\"><img width=\"1000\" height=\"667\" src=\"https:\/\/institutomesa.org\/revistamesa\/edicoes\/7\/wp-content\/uploads\/sites\/3\/2025\/09\/17-Vital2_.jpg\" class=\"slider-4150 slide-4259\" alt=\"\" loading=\"lazy\" rel=\"\" title=\"17 Vital2_\" style=\"margin: 0 auto; width: 99.378881987578%\" srcset=\"https:\/\/institutomesa.org\/revistamesa\/edicoes\/7\/wp-content\/uploads\/sites\/3\/2025\/09\/17-Vital2_.jpg 1000w, https:\/\/institutomesa.org\/revistamesa\/edicoes\/7\/wp-content\/uploads\/sites\/3\/2025\/09\/17-Vital2_-300x200.jpg 300w, https:\/\/institutomesa.org\/revistamesa\/edicoes\/7\/wp-content\/uploads\/sites\/3\/2025\/09\/17-Vital2_-768x512.jpg 768w\" sizes=\"(max-width: 1000px) 100vw, 1000px\" \/><div class=\"caption-wrap\"><div class=\"caption\">C\u00edrio de Bom Jesus dos Navegantes, Rio Tentem, Camet\u00e1, Par\u00e1.  2024.\n<\/div><\/div><\/li>\n                <li style=\"display: none; width: 100%;\" class=\"slide-4260 ms-image\"><img width=\"1000\" height=\"667\" src=\"https:\/\/institutomesa.org\/revistamesa\/edicoes\/7\/wp-content\/uploads\/sites\/3\/2025\/09\/18-Vital3_.jpg\" class=\"slider-4150 slide-4260\" alt=\"\" loading=\"lazy\" rel=\"\" title=\"18 Vital3_\" style=\"margin: 0 auto; width: 99.378881987578%\" srcset=\"https:\/\/institutomesa.org\/revistamesa\/edicoes\/7\/wp-content\/uploads\/sites\/3\/2025\/09\/18-Vital3_.jpg 1000w, https:\/\/institutomesa.org\/revistamesa\/edicoes\/7\/wp-content\/uploads\/sites\/3\/2025\/09\/18-Vital3_-300x200.jpg 300w, https:\/\/institutomesa.org\/revistamesa\/edicoes\/7\/wp-content\/uploads\/sites\/3\/2025\/09\/18-Vital3_-768x512.jpg 768w\" sizes=\"(max-width: 1000px) 100vw, 1000px\" \/><div class=\"caption-wrap\"><div class=\"caption\">C\u00edrio de Bom Jesus dos Navegantes, Rio Tentem, Camet\u00e1, Par\u00e1.  2024.\n<\/div><\/div><\/li>\n                <li style=\"display: none; width: 100%;\" class=\"slide-4261 ms-image\"><img width=\"1000\" height=\"667\" src=\"https:\/\/institutomesa.org\/revistamesa\/edicoes\/7\/wp-content\/uploads\/sites\/3\/2025\/09\/19-Vital4_.jpg\" class=\"slider-4150 slide-4261\" alt=\"\" loading=\"lazy\" rel=\"\" title=\"19 Vital4_\" style=\"margin: 0 auto; width: 99.378881987578%\" srcset=\"https:\/\/institutomesa.org\/revistamesa\/edicoes\/7\/wp-content\/uploads\/sites\/3\/2025\/09\/19-Vital4_.jpg 1000w, https:\/\/institutomesa.org\/revistamesa\/edicoes\/7\/wp-content\/uploads\/sites\/3\/2025\/09\/19-Vital4_-300x200.jpg 300w, https:\/\/institutomesa.org\/revistamesa\/edicoes\/7\/wp-content\/uploads\/sites\/3\/2025\/09\/19-Vital4_-768x512.jpg 768w\" sizes=\"(max-width: 1000px) 100vw, 1000px\" \/><div class=\"caption-wrap\"><div class=\"caption\">Rio Tentem, Camet\u00e1, Par\u00e1.  2024.\n<\/div><\/div><\/li>\n                <li style=\"display: none; width: 100%;\" class=\"slide-4257 ms-image\"><img width=\"1000\" height=\"667\" src=\"https:\/\/institutomesa.org\/revistamesa\/edicoes\/7\/wp-content\/uploads\/sites\/3\/2025\/09\/20-Vital5_.jpg\" class=\"slider-4150 slide-4257\" alt=\"\" loading=\"lazy\" rel=\"\" title=\"20 Vital5_\" style=\"margin: 0 auto; width: 99.378881987578%\" srcset=\"https:\/\/institutomesa.org\/revistamesa\/edicoes\/7\/wp-content\/uploads\/sites\/3\/2025\/09\/20-Vital5_.jpg 1000w, https:\/\/institutomesa.org\/revistamesa\/edicoes\/7\/wp-content\/uploads\/sites\/3\/2025\/09\/20-Vital5_-300x200.jpg 300w, https:\/\/institutomesa.org\/revistamesa\/edicoes\/7\/wp-content\/uploads\/sites\/3\/2025\/09\/20-Vital5_-768x512.jpg 768w\" sizes=\"(max-width: 1000px) 100vw, 1000px\" \/><div class=\"caption-wrap\"><div class=\"caption\">Rio Tentem, Camet\u00e1, Par\u00e1.  2024.\n<\/div><\/div><\/li>\n            <\/ul>\n        <\/div>\n        \n    <\/div>\n<\/div><\/div>\n\n\n\n<p><\/p>\n\n\n\n<h2>Outras po\u00e9ticas: mergulhos num Brasil de arte<\/h2>\n\n\n\n<h4>Lucas Van de Beuque <em><span style=\"font-size: 0.8em;\">(texto e fotografia)<\/span><\/em><\/h4>\n\n\n\n<p>Pesquisar artistas das camadas populares tem sido a minha grande paix\u00e3o. Se hoje \u00e9 poss\u00edvel acessar artistas de todo o pa\u00eds sem sair de casa, essa n\u00e3o era a realidade h\u00e1 um pouco mais de vinte anos, quando comecei a viajar pelo Brasil. E, sem d\u00favida, mesmo hoje, com todas as facilidades de comunica\u00e7\u00e3o, conhecer o artista em sua casa\/ateli\u00ea \u00e9 uma experi\u00eancia totalmente diferente.<\/p>\n\n\n\n<p>Entre esses mergulhos, Jos\u00e9 Bezerra foi um dos maiores presentes dos \u00faltimos anos. Foram muitas idas. A cada uma fui entendendo um pouco mais do seu universo e, ao mesmo tempo, compreendendo o quanto sua dimens\u00e3o era ainda maior do que eu imaginava. Escultor, poeta, m\u00fasico, construtor de instrumentos musicais, contador de hist\u00f3rias, Jos\u00e9 Bezerra faz tudo de uma forma apaixonada, como se aquela fosse sua \u00faltima obra, show ou performance. Mora no Vale do Catimbau, o segundo maior parque de pinturas rupestres do Brasil. Lugar m\u00e1gico pouqu\u00edssimo conhecido que fica numa regi\u00e3o de fronteira entre o Agreste e o Sert\u00e3o pernambucano, com uma natureza espetacular. Seu trabalho ultrapassou fronteiras e ganhou o mundo, do MASP \u00e0 <em>Fondation Cartier<\/em>, na Fran\u00e7a.<\/p>\n\n\n\n<p>Sempre de carro, uma de minhas primeiras pesquisas foi no Vale do Jequitinhonha, em Minas Gerais. Era uma viagem de um pouco mais de dez horas, saindo do Rio de Janeiro. Foi quase uma dezena de viagens em parceria com Angela Mascelani (que j\u00e1 pesquisava por l\u00e1 fazia tempo). Campo Alegre, Campo Redondo, Minas Novas, Ara\u00e7ua\u00ed, Itinga, Santana do Ara\u00e7ua\u00ed. E entre tantos lugares e artistas, conhecer Noemisa sintetizou para mim a contradi\u00e7\u00e3o dessa regi\u00e3o que, apesar de ser uma das mais pobres economicamente, \u00e9 uma das mais ricas culturalmente. Ela morava na regi\u00e3o rural de Cara\u00ed, num s\u00edtio onde chegava-se caminhando. Ao longe, sua casa surgia como uma obra de arte. Em meio a uma natureza \u00e1rida, Noemisa plantou flores no seu entorno e desenhou essas flores subindo pela fachada, com p\u00e1ssaros livres contrastando com gaiolas vazias. Seu corpo era fr\u00e1gil, quase n\u00e3o falava. Vivia isolada com sua irm\u00e3 e sobrinhos em condi\u00e7\u00f5es econ\u00f4micas dif\u00edceis. Sua obra, por\u00e9m, era forte, viva e decidida. Pela arte falava de amor, casamentos, festas&#8230; Ia longe e muito bem acompanhada.<\/p>\n\n\n\n<p>\u00c0 Ilha do Ferro e arredores tamb\u00e9m fui diversas vezes. Esse povoado, que na verdade n\u00e3o \u00e9 uma ilha, mas uma zona rural da cidade de P\u00e3o de A\u00e7\u00facar, fica \u00e0 beira do rio S\u00e3o Francisco. Banhada pelas \u00e1guas, \u00e9 um lugar que respira arte. Terra, principalmente, de escultores como Petr\u00f4nio, Aberaldo, Leno, Antonio Sandes, Z\u00e9 Crente, Vavan, Salvinho, C\u00edcero, Ded\u00e9, Vieria, Eraldo e por a\u00ed vai. Fernando Rodrigues dos Santos, j\u00e1 falecido, foi o pioneiro. Tamb\u00e9m nesses arredores conheci Roxinha, uma pintora que mora na cidade de P\u00e3o de A\u00e7\u00facar. Nascida Maria Jos\u00e9 Lisboa da Cruz, trabalhou na lavoura, \u201cquebrou brita\u201d em uma pedreira local e foi gari por quase duas d\u00e9cadas. Come\u00e7ou a pintar aos&nbsp;59 anos, como uma \u201cbrincadeira\u201d entre ela e o marido. Teve primeiro a casa como tela, depois passou a pintar em quadros de madeira, retratando com um humor original o cotidiano da mulher sertaneja contempor\u00e2nea. No bar, no rio, fazendo fotos para as redes sociais, ela quebra com os estere\u00f3tipos do papel da mulher nos ambientes rurais. Suas telas trazem coment\u00e1rios curtos e bem-humorados da artista sobre a contemporaneidade, como \u201cEla s\u00f3 vive se amostrando no celular\u201d. E fala, tamb\u00e9m, sobre assuntos pesados, como o feminic\u00eddio.<\/p>\n\n\n\n<p>Em uma de minhas \u00faltimas viagens de pesquisa, em 2024, tive o enorme privil\u00e9gio de conhecer Mestre Vital, respons\u00e1vel pelo Cord\u00e3o \u00daltima Hora, um dos mais antigos do Carnaval das \u00c1guas de Camet\u00e1. H\u00e1 cinco horas de Bel\u00e9m, nesse carnaval a rua \u00e9 o rio. Os grupos desfilam em seus barcos pelas \u00e1guas do rio Tocantins. S\u00e3o mais de 30 grupos carnavalescos distribu\u00eddos pelas ilhas fluviais e suas margens. Mestre Vital e Dona Ruth, sua esposa, moram numa dessas ilhas, \u00e0 beira do rio Tentem, um pequeno afluente do grande Tocantins. Ele faz as m\u00e1scaras de seu grupo, de cores e formas \u00fanicas, pura arte. J\u00e1 tinha tido a oportunidade de ir, em outras viagens, a Alter do Ch\u00e3o e arredores, Ilha do Maraj\u00f3, Bel\u00e9m e Ilha do Comb\u00fa, mas s\u00f3 acompanhando um pouco do dia a dia no rio Tentem que pude entender a vida ribeirinha amaz\u00f4nica. Tudo acontece no e pelo rio. At\u00e9 o carnaval.<\/p>\n\n\n\n<p>Trouxe aqui, nesse pequeno ensaio, quatro artistas que me inspiram a continuar mergulhando no universo po\u00e9tico da arte que est\u00e1 espalhada e enraizada no Brasil, pa\u00eds continental de tantas diversidades.<\/p>\n\n\n\n<p class=\"has-text-align-center\">***<\/p>\n\n\n\n<p><strong><em>Lucas Van de Beuque<\/em><\/strong> \u00e9 diretor executivo do Museu do Pontal. Idealizador, com Angela Mascelani, da nova sede do Museu do Pontal, inaugurada em 2021.&nbsp; \u00c9 professor do curso de MBA da Candido Mendes de Gest\u00e3o de Museus. Fot\u00f3grafo, curador e cineasta, tem como tema de pesquisa os artistas e mestres da cultura popular. Codirigiu os filmes <em>Juazeiro do Norte, Cear\u00e1: arte, f\u00e9 e festa<\/em> (2014), <em>Artistas Cazumbas <\/em>(2019) e <em>Z\u00e9 Bezerra, Artista <\/em>(2024). Participou da curadoria de exposi\u00e7\u00f5es, como \u201cFestas, Sambas e outros Carnavais\u201d (Sesc Casa Verde, SP, 2023 e CCBA, PA, 2024), que contou com obras de Mestre Vital; \u201cRoxinha uma vida de novela\u201d (Museu do Pontal, 2023); e \u201cJos\u00e9 Bezerra e os artistas do vale do Catimbau\u201d (Museu do Pontal, 2024). Assinou as fotografias do livro <em>Caminhos da Arte Popular: o Vale do Jequitinhonha <\/em>(2009), de Angela Mascelani.<\/p>\n","protected":false},"excerpt":{"rendered":"<p>Outras po\u00e9ticas: mergulhos num Brasil de arte Lucas Van de Beuque (texto e fotografia) Pesquisar artistas das camadas populares tem sido a minha grande paix\u00e3o. Se hoje \u00e9 poss\u00edvel acessar [&hellip;]<\/p>\n","protected":false},"author":1,"featured_media":0,"parent":0,"menu_order":0,"comment_status":"closed","ping_status":"closed","template":"","meta":[],"_links":{"self":[{"href":"https:\/\/institutomesa.org\/revistamesa\/edicoes\/7\/wp-json\/wp\/v2\/pages\/4181"}],"collection":[{"href":"https:\/\/institutomesa.org\/revistamesa\/edicoes\/7\/wp-json\/wp\/v2\/pages"}],"about":[{"href":"https:\/\/institutomesa.org\/revistamesa\/edicoes\/7\/wp-json\/wp\/v2\/types\/page"}],"author":[{"embeddable":true,"href":"https:\/\/institutomesa.org\/revistamesa\/edicoes\/7\/wp-json\/wp\/v2\/users\/1"}],"replies":[{"embeddable":true,"href":"https:\/\/institutomesa.org\/revistamesa\/edicoes\/7\/wp-json\/wp\/v2\/comments?post=4181"}],"version-history":[{"count":7,"href":"https:\/\/institutomesa.org\/revistamesa\/edicoes\/7\/wp-json\/wp\/v2\/pages\/4181\/revisions"}],"predecessor-version":[{"id":6219,"href":"https:\/\/institutomesa.org\/revistamesa\/edicoes\/7\/wp-json\/wp\/v2\/pages\/4181\/revisions\/6219"}],"wp:attachment":[{"href":"https:\/\/institutomesa.org\/revistamesa\/edicoes\/7\/wp-json\/wp\/v2\/media?parent=4181"}],"curies":[{"name":"wp","href":"https:\/\/api.w.org\/{rel}","templated":true}]}}