{"id":87,"date":"2021-03-09T14:36:40","date_gmt":"2021-03-09T17:36:40","guid":{"rendered":"http:\/\/institutomesa.org\/revistamesa\/edicoes\/6\/?page_id=87"},"modified":"2021-03-30T11:13:03","modified_gmt":"2021-03-30T14:13:03","slug":"testemunho-como-pratica-poetica-resgates-das-vidas-sequestradas","status":"publish","type":"page","link":"https:\/\/institutomesa.org\/revistamesa\/edicoes\/6\/testemunho-como-pratica-poetica-resgates-das-vidas-sequestradas\/","title":{"rendered":"Testemunho como pr\u00e1tica po\u00e9tica"},"content":{"rendered":"\n<h2>Testemunho como pr\u00e1tica po\u00e9tica<\/h2>\n\n\n\t\t<!-- Gallery with PrettyPhoto plugin -->\n\t\t<div class=\"row assorted\">\t\t\t\t\n\n\t\t\t \t\t\t<div class=\"six mobile-two columns mobile-fullwidth\">\t\n\t\t\t <div class=\"row\">\n\t\t\t\t<div class=\"twelve columns\">\n\t\t\t\t\n\t\t\t\t\t\t\t\t\t\t\t<h3 class=\"post_title\"><a href=\"https:\/\/institutomesa.org\/revistamesa\/edicoes\/6\/portfolio\/anita-sobar-kenia-maia\/\">O devir clandestino<\/a><\/h3>\n\t\t\t\t\t\t\t\t\t\t\n\t\t\t\t\t<!-- Portfolio post-thumb gallery -->\n\t\t\t\t\t\t<div class=\"portfolio_thumb\"><a title=\"O devir clandestino\" href=\"https:\/\/institutomesa.org\/revistamesa\/edicoes\/6\/portfolio\/anita-sobar-kenia-maia\/\" class=\"custom-port\"><img src=\"http:\/\/institutomesa.org\/revistamesa\/edicoes\/6\/wp-content\/uploads\/sites\/2\/2021\/03\/Capa-Anita-330x220.jpg\"  title=\"O devir clandestino\"\/><\/a><\/div>\n\t\t\t\t\t<!-- END Portfolio post-thumb gallery -->\n\n\t\t\t\t\t <!--BEGIN excerpt content -->\n\t\t\t\t\t \t\t\t\t\t\t<p><\/p>\n\t\t\t\t\t\t\n\t\t\t\t\t <!--END excerpt content -->\n\n\t\t\t\t\t<a href=\"https:\/\/institutomesa.org\/revistamesa\/edicoes\/6\/portfolio\/anita-sobar-kenia-maia\/\"  class=\"more-link\">O devir clandestino [entre aproxima\u00e7\u00f5es e desvios]<br><span class=\"autor_portfolio\">Anita Sobar em colabora\u00e7\u00e3o com Kenia Maia<\/span><\/a>\n\t\t\t\t  <\/div>\n\t\t\t\t <\/div>\n\t\t\t\t<\/div>\n\t\t\t\t\t\t\t<div class=\"six mobile-two columns mobile-fullwidth\">\t\n\t\t\t <div class=\"row\">\n\t\t\t\t<div class=\"twelve columns\">\n\t\t\t\t\n\t\t\t\t\t\t\t\t\t\t\t<h3 class=\"post_title\"><a href=\"https:\/\/institutomesa.org\/revistamesa\/edicoes\/6\/portfolio\/fabio-tremonte\/\">Leitura p\u00fablica do Relat\u00f3rio Figueiredo<\/a><\/h3>\n\t\t\t\t\t\t\t\t\t\t\n\t\t\t\t\t<!-- Portfolio post-thumb gallery -->\n\t\t\t\t\t\t<div class=\"portfolio_thumb\"><a title=\"Leitura p\u00fablica do Relat\u00f3rio Figueiredo\" href=\"https:\/\/institutomesa.org\/revistamesa\/edicoes\/6\/portfolio\/fabio-tremonte\/\" class=\"custom-port\"><img src=\"http:\/\/institutomesa.org\/revistamesa\/edicoes\/6\/wp-content\/uploads\/sites\/2\/2021\/03\/capa_Relatorio_Figueiredo-330x220.jpg\"  title=\"Leitura p\u00fablica do Relat\u00f3rio Figueiredo\"\/><\/a><\/div>\n\t\t\t\t\t<!-- END Portfolio post-thumb gallery -->\n\n\t\t\t\t\t <!--BEGIN excerpt content -->\n\t\t\t\t\t \t\t\t\t\t\t<p><\/p>\n\t\t\t\t\t\t\n\t\t\t\t\t <!--END excerpt content -->\n\n\t\t\t\t\t<a href=\"https:\/\/institutomesa.org\/revistamesa\/edicoes\/6\/portfolio\/fabio-tremonte\/\"  class=\"more-link\">Leitura p\u00fablica do Relat\u00f3rio Figueiredo<br><span class=\"autor_portfolio\">F\u00e1bio Tremonte<\/span><\/a>\n\t\t\t\t  <\/div>\n\t\t\t\t <\/div>\n\t\t\t\t<\/div>\n\t\t\t\t\t\t\t<div class=\"six mobile-two columns mobile-fullwidth\">\t\n\t\t\t <div class=\"row\">\n\t\t\t\t<div class=\"twelve columns\">\n\t\t\t\t\n\t\t\t\t\t\t\t\t\t\t\t<h3 class=\"post_title\"><a href=\"https:\/\/institutomesa.org\/revistamesa\/edicoes\/6\/portfolio\/tania-kolker\/\">Agenciamentos \u00e9tico-est\u00e9tico-pol\u00edticos na repara\u00e7\u00e3o dos danos causados pela viol\u00eancia de Estado<\/a><\/h3>\n\t\t\t\t\t\t\t\t\t\t\n\t\t\t\t\t<!-- Portfolio post-thumb gallery -->\n\t\t\t\t\t\t<div class=\"portfolio_thumb\"><a title=\"Agenciamentos \u00e9tico-est\u00e9tico-pol\u00edticos na repara\u00e7\u00e3o dos danos causados pela viol\u00eancia de Estado\" href=\"https:\/\/institutomesa.org\/revistamesa\/edicoes\/6\/portfolio\/tania-kolker\/\" class=\"custom-port\"><img src=\"http:\/\/institutomesa.org\/revistamesa\/edicoes\/6\/wp-content\/uploads\/sites\/2\/2021\/03\/tania-330x220.jpg\"  title=\"Agenciamentos \u00e9tico-est\u00e9tico-pol\u00edticos na repara\u00e7\u00e3o dos danos causados pela viol\u00eancia de Estado\"\/><\/a><\/div>\n\t\t\t\t\t<!-- END Portfolio post-thumb gallery -->\n\n\t\t\t\t\t <!--BEGIN excerpt content -->\n\t\t\t\t\t \t\t\t\t\t\t<p><\/p>\n\t\t\t\t\t\t\n\t\t\t\t\t <!--END excerpt content -->\n\n\t\t\t\t\t<a href=\"https:\/\/institutomesa.org\/revistamesa\/edicoes\/6\/portfolio\/tania-kolker\/\"  class=\"more-link\">Agenciamentos \u00e9tico-est\u00e9tico-pol\u00edticos na repara\u00e7\u00e3o dos danos causados pela viol\u00eancia de Estado<br><span class=\"autor_portfolio\">Tania Kolker<\/span><\/a>\n\t\t\t\t  <\/div>\n\t\t\t\t <\/div>\n\t\t\t\t<\/div>\n\t\t\t\t\t\t\t<div class=\"six mobile-two columns mobile-fullwidth\">\t\n\t\t\t <div class=\"row\">\n\t\t\t\t<div class=\"twelve columns\">\n\t\t\t\t\n\t\t\t\t\t\t\t\t\t\t\t<h3 class=\"post_title\"><a href=\"https:\/\/institutomesa.org\/revistamesa\/edicoes\/6\/portfolio\/jessica-barbosa-pedro-sa-moraes-diana-kolker\/\">Em busca de Judith: Um di\u00e1logo entre J\u00e9ssica Barbosa, Pedro S\u00e1 Moraes e Diana Kolker<\/a><\/h3>\n\t\t\t\t\t\t\t\t\t\t\n\t\t\t\t\t<!-- Portfolio post-thumb gallery -->\n\t\t\t\t\t\t<div class=\"portfolio_thumb\"><a title=\"Em busca de Judith: Um di\u00e1logo entre J\u00e9ssica Barbosa, Pedro S\u00e1 Moraes e Diana Kolker\" href=\"https:\/\/institutomesa.org\/revistamesa\/edicoes\/6\/portfolio\/jessica-barbosa-pedro-sa-moraes-diana-kolker\/\" class=\"custom-port\"><img src=\"http:\/\/institutomesa.org\/revistamesa\/edicoes\/6\/wp-content\/uploads\/sites\/2\/2021\/03\/Capa_Judite_FIG-1-2-330x220.jpg\"  title=\"Em busca de Judith: Um di\u00e1logo entre J\u00e9ssica Barbosa, Pedro S\u00e1 Moraes e Diana Kolker\"\/><\/a><\/div>\n\t\t\t\t\t<!-- END Portfolio post-thumb gallery -->\n\n\t\t\t\t\t <!--BEGIN excerpt content -->\n\t\t\t\t\t \t\t\t\t\t\t<p><\/p>\n\t\t\t\t\t\t\n\t\t\t\t\t <!--END excerpt content -->\n\n\t\t\t\t\t<a href=\"https:\/\/institutomesa.org\/revistamesa\/edicoes\/6\/portfolio\/jessica-barbosa-pedro-sa-moraes-diana-kolker\/\"  class=\"more-link\">Em busca de Judith: Um di\u00e1logo entre J\u00e9ssica Barbosa, Pedro S\u00e1 Moraes e Diana Kolker<br><span class=\"autor_portfolio\">J\u00e9ssica Barbosa, Pedro S\u00e1 Moraes e Diana Kolker<\/span><\/a>\n\t\t\t\t  <\/div>\n\t\t\t\t <\/div>\n\t\t\t\t<\/div>\n\t\t\t\t\t\t\t\t\t\t\t\t\t\t\n\t\t\t\t\n\t  <\/div> <!-- end row assorted -->\t\n\t<!-- End Gallery with PrettyPhoto plugin -->\n\n\n\t\n","protected":false},"excerpt":{"rendered":"<p>Testemunho como pr\u00e1tica po\u00e9tica<\/p>\n","protected":false},"author":1,"featured_media":0,"parent":0,"menu_order":0,"comment_status":"closed","ping_status":"closed","template":"","meta":[],"_links":{"self":[{"href":"https:\/\/institutomesa.org\/revistamesa\/edicoes\/6\/wp-json\/wp\/v2\/pages\/87"}],"collection":[{"href":"https:\/\/institutomesa.org\/revistamesa\/edicoes\/6\/wp-json\/wp\/v2\/pages"}],"about":[{"href":"https:\/\/institutomesa.org\/revistamesa\/edicoes\/6\/wp-json\/wp\/v2\/types\/page"}],"author":[{"embeddable":true,"href":"https:\/\/institutomesa.org\/revistamesa\/edicoes\/6\/wp-json\/wp\/v2\/users\/1"}],"replies":[{"embeddable":true,"href":"https:\/\/institutomesa.org\/revistamesa\/edicoes\/6\/wp-json\/wp\/v2\/comments?post=87"}],"version-history":[{"count":6,"href":"https:\/\/institutomesa.org\/revistamesa\/edicoes\/6\/wp-json\/wp\/v2\/pages\/87\/revisions"}],"predecessor-version":[{"id":2954,"href":"https:\/\/institutomesa.org\/revistamesa\/edicoes\/6\/wp-json\/wp\/v2\/pages\/87\/revisions\/2954"}],"wp:attachment":[{"href":"https:\/\/institutomesa.org\/revistamesa\/edicoes\/6\/wp-json\/wp\/v2\/media?parent=87"}],"curies":[{"name":"wp","href":"https:\/\/api.w.org\/{rel}","templated":true}]}}