{"id":387,"date":"2013-12-17T16:02:35","date_gmt":"2013-12-17T16:02:35","guid":{"rendered":"http:\/\/institutomesa.org\/revistamesa\/edicoes\/1\/?page_id=387"},"modified":"2016-01-21T11:32:02","modified_gmt":"2016-01-21T11:32:02","slug":"o-legitimo-novo-carioca","status":"publish","type":"page","link":"https:\/\/institutomesa.org\/revistamesa\/edicoes\/1\/o-legitimo-novo-carioca\/","title":{"rendered":"O legitimo novo carioca"},"content":{"rendered":"<p><img loading=\"lazy\" class=\"alignnone size-full wp-image-459\" alt=\"\" src=\"http:\/\/institutomesa.org\/revistamesa\/edicoes\/1\/wp-content\/uploads\/2013\/12\/RevistaMESA_Jailson-Silva.jpg\" width=\"590\" height=\"332\" srcset=\"https:\/\/institutomesa.org\/revistamesa\/edicoes\/1\/wp-content\/uploads\/2013\/12\/RevistaMESA_Jailson-Silva.jpg 590w, https:\/\/institutomesa.org\/revistamesa\/edicoes\/1\/wp-content\/uploads\/2013\/12\/RevistaMESA_Jailson-Silva-300x168.jpg 300w\" sizes=\"(max-width: 590px) 100vw, 590px\" \/><br \/>\n<span class=\"legenda\">Entrevista parte 3, Agosto 2013. Jailson de Souza e Silva, diretor do Observat\u00f3rio de Favelas, falando da suspens\u00e3o do cotidiano nas manifesta\u00e7\u00f5es no Brasil em 2013. <\/span><\/p>\n<p><span class=\"titulo\">O leg\u00edtimo novo carioca<\/span><br \/>\n<span class=\"autor\">Entrevista: Jailson de Souza e Silva, diretor Observat\u00f3rio de Favelas<\/span><\/p>\n<blockquote><p>Os \u201cnovos cariocas\u201d sinalizam uma cidade mobilizada por duas dimens\u00f5es fundamentais: a est\u00e9tica, como consci\u00eancia sens\u00edvel das diferen\u00e7as humanas, com o devido reconhecimento \u00e0 legitima\u00e7\u00e3o do direito \u00e0 autenticidade; e a \u00e9tica, que exige a determina\u00e7\u00e3o cotidiana para resistir a que qualquer diferen\u00e7a seja transformada em desigualdade.<\/p>\n<p style=\"text-align: right;\"><em>O Novo Carioca<\/em><br \/>\nJailson de Souza e Silva, Jorge Luiz Barbosa e Marcus Vinicius Faustini<sup>1<\/sup><\/p>\n<\/blockquote>\n<p>Nesta entrevista em v\u00eddeo, o diretor do Observat\u00f3rio de Favelas, Jailson de Souza e Silva, conversa sobre a hist\u00f3ria e as pol\u00edticas do Observat\u00f3rio, uma organiza\u00e7\u00e3o social de pesquisa, consultoria e a\u00e7\u00e3o p\u00fablica dedicada \u00e0 produ\u00e7\u00e3o do conhecimento e de proposi\u00e7\u00f5es pol\u00edticas sobre as favelas e fen\u00f4menos urbanos, atuando na favela da Mar\u00e9, no Rio de Janeiro, desde 2001.<\/p>\n<p>Nascido na favela, Jailson se posiciona com um \u201cintelectual da periferia\u201d e enfatiza a import\u00e2ncia do simb\u00f3lico na vida da cidade, descrevendo o novo carioca com um ser ut\u00f3pico\/concreto que circula, inventa e assume o compromisso de construir no presente real e cotidiano, reconhecendo a import\u00e2ncia do outro na constitui\u00e7\u00e3o de sua autonomia e sua individualidade.<\/p>\n<p>A entrevista dura aproximadamente 15 minutos e \u00e9 apresentada aqui em tr\u00eas partes:<\/p>\n<p><b><i>O legitimo novo carioca<\/i><\/b> \u2013 a hist\u00f3ria e a pol\u00edtica do Observat\u00f3rio e a import\u00e2ncia de \u201cmobilidade plena\u201d na cidade para todos, do f\u00edsico ao simb\u00f3lico.<\/p>\n<p><iframe src=\"\/\/player.vimeo.com\/video\/82055704?title=0&amp;byline=0&amp;portrait=0\" height=\"332\" width=\"590\" allowfullscreen=\"\" frameborder=\"0\"><\/iframe><\/p>\n<p><b><i>Bela Mar\u00e9<\/i><\/b> \u2013 explora a hist\u00f3ria e o contexto do centro cultural Bela Mar\u00e9, inaugurado pelo Observat\u00f3rio na favela da Mar\u00e9 em 2007, e as exposi\u00e7\u00f5es de artes visuais <i>Travessias<\/i> e outras iniciativas que buscam democratizar as artes.<\/p>\n<p><iframe src=\"\/\/player.vimeo.com\/video\/82055705?title=0&amp;byline=0&amp;portrait=0\" height=\"332\" width=\"590\" allowfullscreen=\"\" frameborder=\"0\"><\/iframe><\/p>\n<p><b><i>As manifesta\u00e7\u00f5es, as ruas<\/i><\/b> \u2013 em busca de novos paradigmas democr\u00e1ticos, em junho de 2013 o povo brasileiro saiu pra rua efetuando uma forte mudan\u00e7a simb\u00f3lica no sentido de poder do indiv\u00edduo e sua participa\u00e7\u00e3o pol\u00edtica.<\/p>\n<p><iframe src=\"\/\/player.vimeo.com\/video\/82055706?title=0&amp;byline=0&amp;portrait=0\" height=\"332\" width=\"590\" allowfullscreen=\"\" frameborder=\"0\"><\/iframe><\/p>\n<p>Para mais informa\u00e7\u00f5es sobre o Observat\u00f3rio:\u00a0<a href=\"http:\/\/www.observatoriodefavelas.org.br\/\" target=\"_blank\">www.<wbr \/>observatoriodefavelas.org.br<\/a>\u00a0e seu projeto de fotografia popular Imagens do Povo:\u00a0<a href=\"http:\/\/www.imagensdopovo.org.br\/\" target=\"_blank\">www.<wbr \/>imagensdopovo.org.br<\/a><\/p>\n<p>_<br \/>\n<sup>1<\/sup>BARBOSA Jorge Luiz, FAUSTINI Marcus Vinicius e DE SOUZA E SILVA, Jailson. <i>O Novo Carioca<\/i>. Rio de Janeiro: M\u00f3rula Editorial, 2012, p. 16<\/p>\n","protected":false},"excerpt":{"rendered":"<p>Entrevista parte 3, Agosto 2013. Jailson de Souza e Silva, diretor do Observat\u00f3rio de Favelas, falando da suspens\u00e3o do cotidiano nas manifesta\u00e7\u00f5es no Brasil em 2013. O leg\u00edtimo novo carioca [&hellip;]<\/p>\n","protected":false},"author":1,"featured_media":0,"parent":0,"menu_order":0,"comment_status":"closed","ping_status":"closed","template":"","meta":[],"_links":{"self":[{"href":"https:\/\/institutomesa.org\/revistamesa\/edicoes\/1\/wp-json\/wp\/v2\/pages\/387"}],"collection":[{"href":"https:\/\/institutomesa.org\/revistamesa\/edicoes\/1\/wp-json\/wp\/v2\/pages"}],"about":[{"href":"https:\/\/institutomesa.org\/revistamesa\/edicoes\/1\/wp-json\/wp\/v2\/types\/page"}],"author":[{"embeddable":true,"href":"https:\/\/institutomesa.org\/revistamesa\/edicoes\/1\/wp-json\/wp\/v2\/users\/1"}],"replies":[{"embeddable":true,"href":"https:\/\/institutomesa.org\/revistamesa\/edicoes\/1\/wp-json\/wp\/v2\/comments?post=387"}],"version-history":[{"count":0,"href":"https:\/\/institutomesa.org\/revistamesa\/edicoes\/1\/wp-json\/wp\/v2\/pages\/387\/revisions"}],"wp:attachment":[{"href":"https:\/\/institutomesa.org\/revistamesa\/edicoes\/1\/wp-json\/wp\/v2\/media?parent=387"}],"curies":[{"name":"wp","href":"https:\/\/api.w.org\/{rel}","templated":true}]}}